{"id":16157,"date":"2018-05-17T10:13:10","date_gmt":"2018-05-17T10:13:10","guid":{"rendered":"https:\/\/www.solomostradores.com\/?page_id=16157"},"modified":"2019-04-02T10:53:50","modified_gmt":"2019-04-02T10:53:50","slug":"comptoirs-pour-opticiens","status":"publish","type":"page","link":"https:\/\/www.solomostradores.com\/fr\/comptoirs-pour-opticiens\/","title":{"rendered":"Comptoirs pour magasins d&rsquo;optique"},"content":{"rendered":"<p>[vc_row css_animation=\u00a0\u00bb\u00a0\u00bb row_type=\u00a0\u00bbrow\u00a0\u00bb use_row_as_full_screen_section=\u00a0\u00bbno\u00a0\u00bb type=\u00a0\u00bbfull_width\u00a0\u00bb angled_section=\u00a0\u00bbno\u00a0\u00bb text_align=\u00a0\u00bbleft\u00a0\u00bb background_image_as_pattern=\u00a0\u00bbwithout_pattern\u00a0\u00bb][vc_column][vc_column_text]<img decoding=\"async\" style=\"width: 100%;\" title=\"Comptoir pour opticiens\" src=\"https:\/\/www.solomostradores.com\/wp-content\/uploads\/2019\/03\/mostradores-para-opticas.jpg\" alt=\"comptoir-pour-opticiens\" \/>[\/vc_column_text][\/vc_column][\/vc_row][vc_row css_animation=\u00a0\u00bb\u00a0\u00bb row_type=\u00a0\u00bbrow\u00a0\u00bb use_row_as_full_screen_section=\u00a0\u00bbno\u00a0\u00bb type=\u00a0\u00bbgrid\u00a0\u00bb angled_section=\u00a0\u00bbno\u00a0\u00bb text_align=\u00a0\u00bbleft\u00a0\u00bb background_image_as_pattern=\u00a0\u00bbwithout_pattern\u00a0\u00bb padding_top=\u00a0\u00bb30&Prime; padding_bottom=\u00a0\u00bb30&Prime; z_index=\u00a0\u00bb\u00a0\u00bb][vc_column][vc_column_text]<\/p>\n<p style=\"text-align: justify;\">Tous nos comptoirs peuvent s\u2019adapter aux magasins d\u2019optique. Gr\u00e2ce \u00e0 la vari\u00e9t\u00e9 de styles et couleurs, tous nos comptoirs peuvent faire partie de votre projet. Classiques, contemporaines, modernes, industriels, luxueux, glamour ou basiques. Tous peuvent recevoir les accessoires sp\u00e9ciaux pour les opticiens.<\/p>\n<p>&nbsp;<\/p>\n<p style=\"text-align: justify;\">Avec les pr\u00e9sentoirs sp\u00e9ciaux opticiens vous pourrez exposer les produits de fa\u00e7on originale et attirante.<\/p>\n<p>&nbsp;<\/p>\n<p style=\"text-align: justify;\">Les couleurs con\u00e7ues pour les comptoirs d\u2019opticiens varient des tons de bois, blanc, noir, m\u00e9tallis\u00e9 ou b\u00e9ton.<\/p>\n<p>&nbsp;<\/p>\n<p style=\"text-align: justify;\">Si vous avez besoin plus d\u2019 information sur nos comptoirs pour magasin d\u2019optique n\u2019h\u00e9sitez pas \u00e0 nous contacter.<\/p>\n<p>[\/vc_column_text][\/vc_column][\/vc_row][vc_row css_animation=\u00a0\u00bb\u00a0\u00bb row_type=\u00a0\u00bbrow\u00a0\u00bb use_row_as_full_screen_section=\u00a0\u00bbno\u00a0\u00bb type=\u00a0\u00bbfull_width\u00a0\u00bb angled_section=\u00a0\u00bbno\u00a0\u00bb text_align=\u00a0\u00bbcenter\u00a0\u00bb background_image_as_pattern=\u00a0\u00bbwithout_pattern\u00a0\u00bb padding_bottom=\u00a0\u00bb30&Prime; z_index=\u00a0\u00bb\u00a0\u00bb][vc_column]<a  itemprop=\"url\" href=\"https:\/\/www.inretailshop.com\/fr\/comptoir\/1-comptoir-koolhaas-0000001805086.html\" target=\"_blank\"  class=\"qbutton  large default\" style=\"\">VOIR COMPTOIR<\/a>[\/vc_column][\/vc_row]<\/p>\n","protected":false},"excerpt":{"rendered":"<p>[vc_row css_animation=\u00a0\u00bb\u00a0\u00bb row_type=\u00a0\u00bbrow\u00a0\u00bb use_row_as_full_screen_section=\u00a0\u00bbno\u00a0\u00bb type=\u00a0\u00bbfull_width\u00a0\u00bb angled_section=\u00a0\u00bbno\u00a0\u00bb text_align=\u00a0\u00bbleft\u00a0\u00bb background_image_as_pattern=\u00a0\u00bbwithout_pattern\u00a0\u00bb][vc_column][vc_column_text][\/vc_column_text][\/vc_column][\/vc_row][vc_row css_animation=\u00a0\u00bb\u00a0\u00bb row_type=\u00a0\u00bbrow\u00a0\u00bb use_row_as_full_screen_section=\u00a0\u00bbno\u00a0\u00bb type=\u00a0\u00bbgrid\u00a0\u00bb angled_section=\u00a0\u00bbno\u00a0\u00bb text_align=\u00a0\u00bbleft\u00a0\u00bb background_image_as_pattern=\u00a0\u00bbwithout_pattern\u00a0\u00bb padding_top=\u00a0\u00bb30&Prime; padding_bottom=\u00a0\u00bb30&Prime; z_index=\u00a0\u00bb\u00a0\u00bb][vc_column][vc_column_text] Tous nos comptoirs peuvent s\u2019adapter aux magasins d\u2019optique. Gr\u00e2ce \u00e0 la vari\u00e9t\u00e9 de styles et couleurs, tous nos comptoirs peuvent faire partie de votre projet. Classiques, contemporaines,&#8230;<\/p>\n","protected":false},"author":4,"featured_media":0,"parent":0,"menu_order":0,"comment_status":"closed","ping_status":"closed","template":"","meta":{"footnotes":""},"aioseo_notices":[],"_links":{"self":[{"href":"https:\/\/www.solomostradores.com\/fr\/wp-json\/wp\/v2\/pages\/16157"}],"collection":[{"href":"https:\/\/www.solomostradores.com\/fr\/wp-json\/wp\/v2\/pages"}],"about":[{"href":"https:\/\/www.solomostradores.com\/fr\/wp-json\/wp\/v2\/types\/page"}],"author":[{"embeddable":true,"href":"https:\/\/www.solomostradores.com\/fr\/wp-json\/wp\/v2\/users\/4"}],"replies":[{"embeddable":true,"href":"https:\/\/www.solomostradores.com\/fr\/wp-json\/wp\/v2\/comments?post=16157"}],"version-history":[{"count":7,"href":"https:\/\/www.solomostradores.com\/fr\/wp-json\/wp\/v2\/pages\/16157\/revisions"}],"predecessor-version":[{"id":16537,"href":"https:\/\/www.solomostradores.com\/fr\/wp-json\/wp\/v2\/pages\/16157\/revisions\/16537"}],"wp:attachment":[{"href":"https:\/\/www.solomostradores.com\/fr\/wp-json\/wp\/v2\/media?parent=16157"}],"curies":[{"name":"wp","href":"https:\/\/api.w.org\/{rel}","templated":true}]}}

<p>[vc_row css_animation= » » row_type= »row » use_row_as_full_screen_section= »no » type= »full_width » angled_section= »no » text_align= »left » background_image_as_pattern= »without_pattern »][vc_column][vc_column_text]<img decoding="async" style="width: 100%;" title="Comptoir pour opticiens" src="https://www.solomostradores.com/wp-content/uploads/2019/03/mostradores-para-opticas.jpg" alt="comptoir-pour-opticiens" />[/vc_column_text][/vc_column][/vc_row][vc_row css_animation= » » row_type= »row » use_row_as_full_screen_section= »no » type= »grid » angled_section= »no » text_align= »left » background_image_as_pattern= »without_pattern » padding_top= »30&Prime; padding_bottom= »30&Prime; z_index= » »][vc_column][vc_column_text]</p>
<p style="text-align: justify;">Tous nos comptoirs peuvent s’adapter aux magasins d’optique. Grâce à la variété de styles et couleurs, tous nos comptoirs peuvent faire partie de votre projet. Classiques, contemporaines, modernes, industriels, luxueux, glamour ou basiques. Tous peuvent recevoir les accessoires spéciaux pour les opticiens.</p>
<p>&nbsp;</p>
<p style="text-align: justify;">Avec les présentoirs spéciaux opticiens vous pourrez exposer les produits de façon originale et attirante.</p>
<p>&nbsp;</p>
<p style="text-align: justify;">Les couleurs conçues pour les comptoirs d’opticiens varient des tons de bois, blanc, noir, métallisé ou béton.</p>
<p>&nbsp;</p>
<p style="text-align: justify;">Si vous avez besoin plus d’ information sur nos comptoirs pour magasin d’optique n’hésitez pas à nous contacter.</p>
<p>[/vc_column_text][/vc_column][/vc_row][vc_row css_animation= » » row_type= »row » use_row_as_full_screen_section= »no » type= »full_width » angled_section= »no » text_align= »center » background_image_as_pattern= »without_pattern » padding_bottom= »30&Prime; z_index= » »][vc_column]<a  itemprop="url" href="https://www.inretailshop.com/fr/comptoir/1-comptoir-koolhaas-0000001805086.html" target="_blank"  class="qbutton  large default" style="">VOIR COMPTOIR</a>[/vc_column][/vc_row]</p>

<p>[vc_row css_animation= » » row_type= »row » use_row_as_full_screen_section= »no » type= »full_width » angled_section= »no » text_align= »left » background_image_as_pattern= »without_pattern »][vc_column][vc_column_text][/vc_column_text][/vc_column][/vc_row][vc_row css_animation= » » row_type= »row » use_row_as_full_screen_section= »no » type= »grid » angled_section= »no » text_align= »left » background_image_as_pattern= »without_pattern » padding_top= »30&Prime; padding_bottom= »30&Prime; z_index= » »][vc_column][vc_column_text] Tous nos comptoirs peuvent s’adapter aux magasins d’optique. Grâce à la variété de styles et couleurs, tous nos comptoirs peuvent faire partie de votre projet. Classiques, contemporaines,&#8230;</p>
